{"id":99,"date":"2026-04-08T01:58:51","date_gmt":"2026-04-07T23:58:51","guid":{"rendered":"https:\/\/www.szentes.hu\/esza\/?post_type=lsvr_event&#038;p=99"},"modified":"2026-04-08T01:58:51","modified_gmt":"2026-04-07T23:58:51","slug":"szenzomotoros-torna-indul-szentesen-ingyenes-fejleszto-foglalkozas-ovodasoknak","status":"publish","type":"lsvr_event","link":"https:\/\/www.szentes.hu\/esza\/index.php\/events\/szenzomotoros-torna-indul-szentesen-ingyenes-fejleszto-foglalkozas-ovodasoknak\/","title":{"rendered":"Szenzomotoros torna indul Szentesen \u2013 ingyenes fejleszt\u0151 foglalkoz\u00e1s \u00f3vod\u00e1soknak"},"content":{"rendered":"<p data-start=\"86\" data-end=\"444\">\u00daj, hi\u00e1nyp\u00f3tl\u00f3 mozg\u00e1sfejleszt\u0151 program indul\u00a0<span class=\"hover:entity-accent entity-underline inline cursor-pointer align-baseline\"><span class=\"whitespace-normal\">Szentes<\/span><\/span>en, amely kifejezetten azokat az \u00f3vod\u00e1s kor\u00fa gyermekeket c\u00e9lozza meg, akiknek fejl\u0151d\u00e9se egyes ter\u00fcleteken lassabb \u00fctem\u0171. A Stephen\u2013Sarl\u00f3s m\u00f3dszeren alapul\u00f3 csoportos \u201eszenzomotoros\u201d torna j\u00e1t\u00e9kos form\u00e1ban seg\u00edti a kicsik mozg\u00e1s\u00e1nak, figyelm\u00e9nek \u00e9s koordin\u00e1ci\u00f3j\u00e1nak fejl\u0151d\u00e9s\u00e9t.<\/p>\n<p data-start=\"446\" data-end=\"956\">A foglalkoz\u00e1sokra azokat az 5. \u00e9let\u00e9v\u00fcket bet\u00f6lt\u00f6tt gyermekeket v\u00e1rj\u00e1k, akikn\u00e9l p\u00e9ld\u00e1ul megk\u00e9sett besz\u00e9d- vagy mozg\u00e1sfejl\u0151d\u00e9s tapasztalhat\u00f3, besz\u00e9dhib\u00e1val k\u00fczdenek, vagy neh\u00e9zs\u00e9get jelent sz\u00e1mukra a mozg\u00e1skoordin\u00e1ci\u00f3, a figyelem fenntart\u00e1sa. Ugyancsak aj\u00e1nlott a program azoknak, akikn\u00e9l elmarad\u00e1s mutatkozik a finom- \u00e9s grafomotoros k\u00e9szs\u00e9gekben, t\u00e1j\u00e9koz\u00f3d\u00e1si probl\u00e9m\u00e1ik vannak, lassabban v\u00e1lnak \u00f6n\u00e1ll\u00f3v\u00e1, esetleg hiperaktivit\u00e1s jellemzi \u0151ket, vagy neh\u00e9zs\u00e9get okoz sz\u00e1mukra a feladatok \u00e9s szab\u00e1lyok betart\u00e1sa.<\/p>\n<p data-start=\"958\" data-end=\"1119\">A torn\u00e1t j\u00e1t\u00e9kos, \u00e9lm\u00e9nyszer\u0171 feladatokon kereszt\u00fcl vezetik, \u00edgy a gyermekek \u00e9szrev\u00e9tlen\u00fcl fejl\u0151dhetnek, mik\u00f6zben j\u00f3l \u00e9rzik magukat \u00e9s siker\u00e9lm\u00e9nyeket szereznek.<\/p>\n<p data-start=\"1121\" data-end=\"1324\">A foglalkoz\u00e1sok helysz\u00edne a\u00a0<span class=\"hover:entity-accent entity-underline inline cursor-pointer align-baseline\"><span class=\"whitespace-normal\">Szentesi K\u00f6zponti \u00d3voda<\/span><\/span>\u00a0Klauz\u00e1l utcai \u201eNyolcsz\u00ednvir\u00e1g\u201d tag\u00f3vod\u00e1j\u00e1nak tornaterme. Az \u00f3r\u00e1kat heti k\u00e9t alkalommal, h\u00e9tf\u0151n \u00e9s p\u00e9nteken 16:00 \u00e9s 16:45 k\u00f6z\u00f6tt tartj\u00e1k.<\/p>\n<p data-start=\"1326\" data-end=\"1483\">A program 2026. \u00e1prilis 13-\u00e1n indul, a jelentkez\u00e9si hat\u00e1rid\u0151 \u00e1prilis 2. A foglalkoz\u00e1sokat Csendes-Merza \u00c1gnes, a Stephen\u2013Sarl\u00f3s mozg\u00e1sprogram mentora vezeti.<\/p>\n<p data-start=\"1485\" data-end=\"1636\">Fontos inform\u00e1ci\u00f3 a sz\u00fcl\u0151k sz\u00e1m\u00e1ra, hogy a r\u00e9szv\u00e9tel teljes m\u00e9rt\u00e9kben ingyenes, \u00edgy minden \u00e9rintett csal\u00e1d sz\u00e1m\u00e1ra el\u00e9rhet\u0151 ez a fejleszt\u00e9si lehet\u0151s\u00e9g.<\/p>\n<p data-start=\"1638\" data-end=\"1793\" data-is-last-node=\"\" data-is-only-node=\"\">Jelentkezni a megadott e-mail c\u00edmen lehet. \u00c9rdemes id\u0151ben l\u00e9pni, hiszen az ilyen jelleg\u0171, c\u00e9lzott fejleszt\u0151 programok ir\u00e1nt rendszerint nagy az \u00e9rdekl\u0151d\u00e9s.<\/p>\n","protected":false},"excerpt":{"rendered":"<p>\u00daj, hi\u00e1nyp\u00f3tl\u00f3 mozg\u00e1sfejleszt\u0151 program indul\u00a0Szentesen, amely kifejezetten azokat az \u00f3vod\u00e1s kor\u00fa gyermekeket c\u00e9lozza meg, akiknek fejl\u0151d\u00e9se egyes ter\u00fcleteken lassabb \u00fctem\u0171. A Stephen\u2013Sarl\u00f3s m\u00f3dszeren alapul\u00f3 csoportos \u201eszenzomotoros\u201d torna j\u00e1t\u00e9kos form\u00e1ban seg\u00edti a kicsik mozg\u00e1s\u00e1nak, figyelm\u00e9nek \u00e9s koordin\u00e1ci\u00f3j\u00e1nak fejl\u0151d\u00e9s\u00e9t. A foglalkoz\u00e1sokra azokat az 5. \u00e9let\u00e9v\u00fcket bet\u00f6lt\u00f6tt gyermekeket v\u00e1rj\u00e1k, akikn\u00e9l p\u00e9ld\u00e1ul megk\u00e9sett besz\u00e9d- vagy mozg\u00e1sfejl\u0151d\u00e9s tapasztalhat\u00f3, besz\u00e9dhib\u00e1val k\u00fczdenek, [&hellip;]<\/p>\n","protected":false},"author":1,"featured_media":100,"template":"","meta":{"footnotes":""},"lsvr_event_cat":[],"lsvr_event_tag":[],"class_list":["post-99","lsvr_event","type-lsvr_event","status-publish","has-post-thumbnail","hentry","lsvr_event_location-szentesi-kozponti-ovoda-klauzal-utcai-nyolcszinvirag-tagovodaja"],"_links":{"self":[{"href":"https:\/\/www.szentes.hu\/esza\/index.php\/wp-json\/wp\/v2\/lsvr_event\/99","targetHints":{"allow":["GET"]}}],"collection":[{"href":"https:\/\/www.szentes.hu\/esza\/index.php\/wp-json\/wp\/v2\/lsvr_event"}],"about":[{"href":"https:\/\/www.szentes.hu\/esza\/index.php\/wp-json\/wp\/v2\/types\/lsvr_event"}],"author":[{"embeddable":true,"href":"https:\/\/www.szentes.hu\/esza\/index.php\/wp-json\/wp\/v2\/users\/1"}],"version-history":[{"count":1,"href":"https:\/\/www.szentes.hu\/esza\/index.php\/wp-json\/wp\/v2\/lsvr_event\/99\/revisions"}],"predecessor-version":[{"id":101,"href":"https:\/\/www.szentes.hu\/esza\/index.php\/wp-json\/wp\/v2\/lsvr_event\/99\/revisions\/101"}],"wp:featuredmedia":[{"embeddable":true,"href":"https:\/\/www.szentes.hu\/esza\/index.php\/wp-json\/wp\/v2\/media\/100"}],"wp:attachment":[{"href":"https:\/\/www.szentes.hu\/esza\/index.php\/wp-json\/wp\/v2\/media?parent=99"}],"wp:term":[{"taxonomy":"lsvr_event_cat","embeddable":true,"href":"https:\/\/www.szentes.hu\/esza\/index.php\/wp-json\/wp\/v2\/lsvr_event_cat?post=99"},{"taxonomy":"lsvr_event_tag","embeddable":true,"href":"https:\/\/www.szentes.hu\/esza\/index.php\/wp-json\/wp\/v2\/lsvr_event_tag?post=99"}],"curies":[{"name":"wp","href":"https:\/\/api.w.org\/{rel}","templated":true}]}}

Szenzomotoros torna indul Szentesen – ingyenes fejlesztő foglalkozás óvodásoknak

<p data-start="86" data-end="444">Új, hiánypótló mozgásfejlesztő program indul <span class="hover:entity-accent entity-underline inline cursor-pointer align-baseline"><span class="whitespace-normal">Szentes</span></span>en, amely kifejezetten azokat az óvodás korú gyermekeket célozza meg, akiknek fejlődése egyes területeken lassabb ütemű. A Stephen–Sarlós módszeren alapuló csoportos „szenzomotoros” torna játékos formában segíti a kicsik mozgásának, figyelmének és koordinációjának fejlődését.</p>
<p data-start="446" data-end="956">A foglalkozásokra azokat az 5. életévüket betöltött gyermekeket várják, akiknél például megkésett beszéd- vagy mozgásfejlődés tapasztalható, beszédhibával küzdenek, vagy nehézséget jelent számukra a mozgáskoordináció, a figyelem fenntartása. Ugyancsak ajánlott a program azoknak, akiknél elmaradás mutatkozik a finom- és grafomotoros készségekben, tájékozódási problémáik vannak, lassabban válnak önállóvá, esetleg hiperaktivitás jellemzi őket, vagy nehézséget okoz számukra a feladatok és szabályok betartása.</p>
<p data-start="958" data-end="1119">A tornát játékos, élményszerű feladatokon keresztül vezetik, így a gyermekek észrevétlenül fejlődhetnek, miközben jól érzik magukat és sikerélményeket szereznek.</p>
<p data-start="1121" data-end="1324">A foglalkozások helyszíne a <span class="hover:entity-accent entity-underline inline cursor-pointer align-baseline"><span class="whitespace-normal">Szentesi Központi Óvoda</span></span> Klauzál utcai „Nyolcszínvirág” tagóvodájának tornaterme. Az órákat heti két alkalommal, hétfőn és pénteken 16:00 és 16:45 között tartják.</p>
<p data-start="1326" data-end="1483">A program 2026. április 13-án indul, a jelentkezési határidő április 2. A foglalkozásokat Csendes-Merza Ágnes, a Stephen–Sarlós mozgásprogram mentora vezeti.</p>
<p data-start="1485" data-end="1636">Fontos információ a szülők számára, hogy a részvétel teljes mértékben ingyenes, így minden érintett család számára elérhető ez a fejlesztési lehetőség.</p>
<p data-start="1638" data-end="1793" data-is-last-node="" data-is-only-node="">Jelentkezni a megadott e-mail címen lehet. Érdemes időben lépni, hiszen az ilyen jellegű, célzott fejlesztő programok iránt rendszerint nagy az érdeklődés.</p>

<p>Új, hiánypótló mozgásfejlesztő program indul Szentesen, amely kifejezetten azokat az óvodás korú gyermekeket célozza meg, akiknek fejlődése egyes területeken lassabb ütemű. A Stephen–Sarlós módszeren alapuló csoportos „szenzomotoros” torna játékos formában segíti a kicsik mozgásának, figyelmének és koordinációjának fejlődését. A foglalkozásokra azokat az 5. életévüket betöltött gyermekeket várják, akiknél például megkésett beszéd- vagy mozgásfejlődés tapasztalható, beszédhibával küzdenek, [&hellip;]</p>
